{"id":98,"date":"2021-03-23T22:25:17","date_gmt":"2021-03-23T22:25:17","guid":{"rendered":"https:\/\/senstv.net\/?page_id=98"},"modified":"2022-04-26T16:27:43","modified_gmt":"2022-04-26T16:27:43","slug":"jeunesse","status":"publish","type":"page","link":"https:\/\/senstv.net\/?page_id=98","title":{"rendered":"Jeunesse"},"content":{"rendered":"\n<p>MATCH DE  FOOTBALL<\/p>\n\n\n\n    <div class=\"videojs-hls-player-wrapper videojs69fe18361b979\">\n\t\t<video id=\"videojs69fe18361b979\" class=\"video-js vjs-default-skin vjs-fluid vjs-16-9 vjs-big-play-centered\" controls preload=\"auto\" autoplay data-setup='{\"fluid\":true,\"plugins\":{\"airplayButton\":{}}}' playsinline>\n\t\t\t\n\t\t\t<source src=\"https:\/\/senstv.net\/hls\/montv1\/index.m3u8\" type=\"application\/x-mpegURL\" \/>\n\t\n\t\t\t<p class=\"vjs-no-js\">To view this video please enable JavaScript, and consider upgrading to a web browser that <a href=\"http:\/\/videojs.com\/html5-video-support\/\" target=\"_blank\">supports HTML5 video<\/a><\/p>\n\t\t<\/video>\n\t<\/div>\n    \n\n\n\n\n<p><\/p>\n\n\n\n<p><\/p>\n\n\n\n<div class=\"wp-block-columns is-layout-flex wp-container-core-columns-is-layout-9d6595d7 wp-block-columns-is-layout-flex\">\n<div class=\"wp-block-column is-layout-flow wp-block-column-is-layout-flow\">\n<figure class=\"wp-block-embed is-type-video is-provider-youtube wp-block-embed-youtube wp-embed-aspect-16-9 wp-has-aspect-ratio\"><div class=\"wp-block-embed__wrapper\">\n<iframe loading=\"lazy\" title=\"Tom y Jerry en Latino | Dibujos animados cl\u00e1sicos 115 | WB Kids\" width=\"640\" height=\"360\" src=\"https:\/\/www.youtube.com\/embed\/UzHHNVtiRMc?feature=oembed\" frameborder=\"0\" allow=\"accelerometer; autoplay; clipboard-write; encrypted-media; gyroscope; picture-in-picture; web-share\" referrerpolicy=\"strict-origin-when-cross-origin\" allowfullscreen><\/iframe>\n<\/div><\/figure>\n\n\n\n<h5 class=\"wp-block-heading\">Tom y Jerry en Latino | Dibujos animados cl\u00e1sicos 115<\/h5>\n<\/div>\n\n\n\n<div class=\"wp-block-column is-layout-flow wp-block-column-is-layout-flow\">\n<figure class=\"wp-block-embed is-type-video is-provider-youtube wp-block-embed-youtube wp-embed-aspect-16-9 wp-has-aspect-ratio\"><div class=\"wp-block-embed__wrapper\">\n<iframe loading=\"lazy\" title=\"Bugs Bunny &amp; Looney Tunes | Best Of Looney Tunes in 4k\" width=\"640\" height=\"360\" src=\"https:\/\/www.youtube.com\/embed\/p4vj6y-wCcE?feature=oembed\" frameborder=\"0\" allow=\"accelerometer; autoplay; clipboard-write; encrypted-media; gyroscope; picture-in-picture; web-share\" referrerpolicy=\"strict-origin-when-cross-origin\" allowfullscreen><\/iframe>\n<\/div><\/figure>\n\n\n\n<h5 class=\"wp-block-heading\">Bugs Bunny &amp; Looney Tunes | Best Of Looney Tunes in 4k<\/h5>\n<\/div>\n<\/div>\n\n\n\n<div class=\"wp-block-columns is-layout-flex wp-container-core-columns-is-layout-9d6595d7 wp-block-columns-is-layout-flex\">\n<div class=\"wp-block-column is-layout-flow wp-block-column-is-layout-flow\">\n<figure class=\"wp-block-embed is-type-video is-provider-youtube wp-block-embed-youtube wp-embed-aspect-16-9 wp-has-aspect-ratio\"><div class=\"wp-block-embed__wrapper\">\n<iframe loading=\"lazy\" title=\"PRINCESSE | Le Belle et la B\u00eate - La Belle au Bois Dormant - Blanche Neige | 3 Contes\" width=\"640\" height=\"360\" src=\"https:\/\/www.youtube.com\/embed\/81qdVii0B7s?feature=oembed\" frameborder=\"0\" allow=\"accelerometer; autoplay; clipboard-write; encrypted-media; gyroscope; picture-in-picture; web-share\" referrerpolicy=\"strict-origin-when-cross-origin\" allowfullscreen><\/iframe>\n<\/div><\/figure>\n\n\n\n<h5 class=\"wp-block-heading\"><br>PRINCESSE | Le Belle et la B\u00eate &#8211; La Belle au Bois Dormant &#8211; Blanche Neige | 3 Contes<\/h5>\n<\/div>\n\n\n\n<div class=\"wp-block-column is-layout-flow wp-block-column-is-layout-flow\">\n<figure class=\"wp-block-embed is-type-video is-provider-youtube wp-block-embed-youtube wp-embed-aspect-16-9 wp-has-aspect-ratio\"><div class=\"wp-block-embed__wrapper\">\n<iframe loading=\"lazy\" title=\"2 Contes | Le Livre de la Jungle + Pinocchio avec les P&#039;tits z&#039;Amis\" width=\"640\" height=\"360\" src=\"https:\/\/www.youtube.com\/embed\/xAknIsuCZZU?feature=oembed\" frameborder=\"0\" allow=\"accelerometer; autoplay; clipboard-write; encrypted-media; gyroscope; picture-in-picture; web-share\" referrerpolicy=\"strict-origin-when-cross-origin\" allowfullscreen><\/iframe>\n<\/div><\/figure>\n\n\n\n<h5 class=\"wp-block-heading\"><br>2 Contes | Le Livre de la Jungle + Pinocchio avec les P&rsquo;tits z&rsquo;Amis<\/h5>\n<\/div>\n<\/div>\n\n\n\n<div class=\"wp-block-columns is-layout-flex wp-container-core-columns-is-layout-9d6595d7 wp-block-columns-is-layout-flex\">\n<div class=\"wp-block-column is-layout-flow wp-block-column-is-layout-flow\">\n<figure class=\"wp-block-embed is-type-video is-provider-youtube wp-block-embed-youtube wp-embed-aspect-16-9 wp-has-aspect-ratio\"><div class=\"wp-block-embed__wrapper\">\n<iframe loading=\"lazy\" title=\"Ali Baba et les 40 Voleurs | dessin anim\u00e9 en fran\u00e7ais | Conte pour enfants avec les P&#039;tits z&#039;Amis\" width=\"640\" height=\"360\" src=\"https:\/\/www.youtube.com\/embed\/J5zuKAPws2o?feature=oembed\" frameborder=\"0\" allow=\"accelerometer; autoplay; clipboard-write; encrypted-media; gyroscope; picture-in-picture; web-share\" referrerpolicy=\"strict-origin-when-cross-origin\" allowfullscreen><\/iframe>\n<\/div><\/figure>\n\n\n\n<h5 class=\"wp-block-heading\">Ali Baba et les 40 Voleurs | dessin anim\u00e9 en fran\u00e7ais | Conte pour enfants avec les P&rsquo;tits z&rsquo;Amis<\/h5>\n<\/div>\n\n\n\n<div class=\"wp-block-column is-layout-flow wp-block-column-is-layout-flow\">\n<figure class=\"wp-block-embed is-type-video is-provider-youtube wp-block-embed-youtube wp-embed-aspect-16-9 wp-has-aspect-ratio\"><div class=\"wp-block-embed__wrapper\">\n<iframe loading=\"lazy\" title=\"2 Contes | Le Loup et les 7 Chevreaux + Les 3 Petits cochons | Dessin Anim\u00e9 avec@lesptitszamis\" width=\"640\" height=\"360\" src=\"https:\/\/www.youtube.com\/embed\/pdN2GGEqCY8?feature=oembed\" frameborder=\"0\" allow=\"accelerometer; autoplay; clipboard-write; encrypted-media; gyroscope; picture-in-picture; web-share\" referrerpolicy=\"strict-origin-when-cross-origin\" allowfullscreen><\/iframe>\n<\/div><\/figure>\n\n\n\n<h5 class=\"wp-block-heading\">2 Contes | Le Loup et les 7 Chevreaux + Les 3 Petits cochons avec les P&rsquo;tits z&rsquo;Amis<\/h5>\n<\/div>\n<\/div>\n\n\n\n<div class=\"wp-block-columns is-layout-flex wp-container-core-columns-is-layout-9d6595d7 wp-block-columns-is-layout-flex\">\n<div class=\"wp-block-column is-layout-flow wp-block-column-is-layout-flow\">\n<figure class=\"wp-block-embed is-type-video is-provider-youtube wp-block-embed-youtube wp-embed-aspect-16-9 wp-has-aspect-ratio\"><div class=\"wp-block-embed__wrapper\">\n<iframe loading=\"lazy\" title=\"Les Dalton | AVERELL, CE G\u00c9NIE ! | \u00c9pisodes entier en HD\" width=\"640\" height=\"360\" src=\"https:\/\/www.youtube.com\/embed\/EdW6vHLLpzU?feature=oembed\" frameborder=\"0\" allow=\"accelerometer; autoplay; clipboard-write; encrypted-media; gyroscope; picture-in-picture; web-share\" referrerpolicy=\"strict-origin-when-cross-origin\" allowfullscreen><\/iframe>\n<\/div><\/figure>\n\n\n\n<h5 class=\"wp-block-heading\">Les Dalton | AVERELL, CE G\u00c9NIE ! | \u00c9pisodes entier en HD<\/h5>\n<\/div>\n\n\n\n<div class=\"wp-block-column is-layout-flow wp-block-column-is-layout-flow\">\n<figure class=\"wp-block-embed is-type-video is-provider-youtube wp-block-embed-youtube wp-embed-aspect-16-9 wp-has-aspect-ratio\"><div class=\"wp-block-embed__wrapper\">\n<iframe loading=\"lazy\" title=\"Toy Story 3 EN FRANCAIS FILM COMPLET DU JEU DISNEY PIXAR STUDIOS Cars Toys &amp; Story Movie Games\" width=\"640\" height=\"360\" src=\"https:\/\/www.youtube.com\/embed\/lkaZZgWkxj4?feature=oembed\" frameborder=\"0\" allow=\"accelerometer; autoplay; clipboard-write; encrypted-media; gyroscope; picture-in-picture; web-share\" referrerpolicy=\"strict-origin-when-cross-origin\" allowfullscreen><\/iframe>\n<\/div><\/figure>\n\n\n\n<h5 class=\"wp-block-heading\">Toy Story 3 EN FRANCAIS FILM COMPLET DU JEU DISNEY PIXAR STUDIOS Cars Toys &amp; Story Movie Games<\/h5>\n<\/div>\n<\/div>\n\n\n\n<div class=\"wp-block-columns is-layout-flex wp-container-core-columns-is-layout-9d6595d7 wp-block-columns-is-layout-flex\">\n<div class=\"wp-block-column is-layout-flow wp-block-column-is-layout-flow\">\n<figure class=\"wp-block-embed is-type-video is-provider-youtube wp-block-embed-youtube wp-embed-aspect-16-9 wp-has-aspect-ratio\"><div class=\"wp-block-embed__wrapper\">\n<iframe loading=\"lazy\" title=\"Harvie et le Mus\u00e9e Magique | Dessin Anim\u00e9 COMPLET en Fran\u00e7ais | Film Aventures\" width=\"640\" height=\"360\" src=\"https:\/\/www.youtube.com\/embed\/4qb6Y4A6Q30?start=621&#038;feature=oembed\" frameborder=\"0\" allow=\"accelerometer; autoplay; clipboard-write; encrypted-media; gyroscope; picture-in-picture; web-share\" referrerpolicy=\"strict-origin-when-cross-origin\" allowfullscreen><\/iframe>\n<\/div><\/figure>\n\n\n\n<h5 class=\"wp-block-heading\">Harvie et le Mus\u00e9e Magique &#8211; Dessin Anim\u00e9 COMPLET en Fran\u00e7ais &#8211; Film Aventures<\/h5>\n<\/div>\n\n\n\n<div class=\"wp-block-column is-layout-flow wp-block-column-is-layout-flow\">\n<figure class=\"wp-block-embed is-type-video is-provider-youtube wp-block-embed-youtube wp-embed-aspect-16-9 wp-has-aspect-ratio\"><div class=\"wp-block-embed__wrapper\">\n<iframe loading=\"lazy\" title=\"La Folle Aventure de L&#039;Espace - Film COMPLET en Fran\u00e7ais (Animation, Dessin Anim\u00e9)\" width=\"640\" height=\"360\" src=\"https:\/\/www.youtube.com\/embed\/-1a9yEPM11M?feature=oembed\" frameborder=\"0\" allow=\"accelerometer; autoplay; clipboard-write; encrypted-media; gyroscope; picture-in-picture; web-share\" referrerpolicy=\"strict-origin-when-cross-origin\" allowfullscreen><\/iframe>\n<\/div><\/figure>\n\n\n\n<h5 class=\"wp-block-heading\">La Folle Aventure de L&rsquo;Espace &#8211; Film COMPLET en Fran\u00e7ais (Animation, Dessin Anim\u00e9)<\/h5>\n<\/div>\n<\/div>\n","protected":false},"excerpt":{"rendered":"<p>MATCH DE FOOTBALL Tom y Jerry en Latino | Dibujos animados cl\u00e1sicos 115 Bugs Bunny &amp; Looney Tunes | Best Of Looney Tunes in 4k PRINCESSE | Le Belle et la B\u00eate &#8211; La Belle au Bois Dormant &#8211; Blanche Neige | 3 Contes 2 Contes | Le Livre de la Jungle + Pinocchio avec [&hellip;]<\/p>\n","protected":false},"author":1,"featured_media":0,"parent":0,"menu_order":0,"comment_status":"closed","ping_status":"closed","template":"","meta":{"om_disable_all_campaigns":false,"_monsterinsights_skip_tracking":false,"_monsterinsights_sitenote_active":false,"_monsterinsights_sitenote_note":"","_monsterinsights_sitenote_category":0,"footnotes":""},"class_list":["post-98","page","type-page","status-publish","hentry"],"aioseo_notices":[],"_links":{"self":[{"href":"https:\/\/senstv.net\/index.php?rest_route=\/wp\/v2\/pages\/98","targetHints":{"allow":["GET"]}}],"collection":[{"href":"https:\/\/senstv.net\/index.php?rest_route=\/wp\/v2\/pages"}],"about":[{"href":"https:\/\/senstv.net\/index.php?rest_route=\/wp\/v2\/types\/page"}],"author":[{"embeddable":true,"href":"https:\/\/senstv.net\/index.php?rest_route=\/wp\/v2\/users\/1"}],"replies":[{"embeddable":true,"href":"https:\/\/senstv.net\/index.php?rest_route=%2Fwp%2Fv2%2Fcomments&post=98"}],"version-history":[{"count":12,"href":"https:\/\/senstv.net\/index.php?rest_route=\/wp\/v2\/pages\/98\/revisions"}],"predecessor-version":[{"id":914,"href":"https:\/\/senstv.net\/index.php?rest_route=\/wp\/v2\/pages\/98\/revisions\/914"}],"wp:attachment":[{"href":"https:\/\/senstv.net\/index.php?rest_route=%2Fwp%2Fv2%2Fmedia&parent=98"}],"curies":[{"name":"wp","href":"https:\/\/api.w.org\/{rel}","templated":true}]}}